ghest common factor of 824 and 193228.
412
What is the highest common divisor of 185 and 2701?
37
What is the highest common divisor of 64027 and 344?
43
Calculate the highest common factor of 4018 and 28.
14
What is the highest common divisor of 26032 and 524?
4
Calculate the highest common divisor of 586 and 903026.
586
Calculate the greatest common factor of 298927 and 437.
19
Calculate the highest common factor of 152 and 77824.
152
Calculate the greatest common factor of 342 and 8226.
18
Calculate the highest common factor of 186 and 447113.
31
What is the greatest common divisor of 88751 and 13?
13
What is the highest common factor of 81 and 18756?
9
What is the highest common factor of 4879 and 3444?
287
Calculate the highest common divisor of 60125 and 2.
1
Calculate the greatest common divisor of 260 and 2650.
10
Calculate the highest common divisor of 10 and 2082.
2
What is the highest common factor of 286 and 5564?
26
Calculate the greatest common divisor of 224371 and 2169.
241
What is the highest common divisor of 664 and 115204?
332
What is the greatest common factor of 2434803 and 426?
213
What is the highest common factor of 245384 and 21554?
1658
Calculate the greatest common factor of 2700 and 7500.
300
Calculate the highest common divisor of 239 and 1362539.
239
What is the greatest common factor of 3496 and 15364?
92
What is the highest common divisor of 94354 and 52?
26
What is the highest common factor of 1184707 and 874?
437
Calculate the highest common divisor of 51788 and 3146.
242
Calculate the highest common factor of 1529262 and 371.
371
What is the greatest common factor of 39 and 58669?
13
What is the highest common factor of 87 and 77401?
29
Calculate the highest common divisor of 383491 and 3.
1
Calculate the greatest common divisor of 60944 and 25198.
586
Calculate the greatest common factor of 716100 and 200.
100
What is the highest common factor of 1482 and 296894?
494
What is the greatest common factor of 915628 and 1851?
617
Calculate the greatest common factor of 1111118 and 11601.
1289
What is the greatest common divisor of 48 and 852144?
48
What is the highest common divisor of 3000 and 817500?
1500
What is the greatest common divisor of 3431 and 3358?
73
Calculate the highest common divisor of 12903 and 1496.
187
What is the greatest common divisor of 10290 and 274743?
1029
What is the highest common factor of 7595 and 26425?
35
What is the highest common divisor of 1711 and 2537?
59
Calculate the highest common divisor of 7117 and 539.
11
What is the highest common factor of 46609 and 48077?
367
What is the greatest common factor of 4230 and 2?
2
Calculate the highest common divisor of 1976 and 65.
13
Calculate the greatest common factor of 116 and 31697.
29
Calculate the greatest common divisor of 1582 and 3822.
14
What is the highest common divisor of 344402 and 1702?
46
What is the highest common divisor of 52 and 34489?
13
What is the highest common factor of 16559 and 8352?
29
What is the greatest common divisor of 1264030 and 410?
410
What is the greatest common divisor of 30951 and 114?
57
What is the greatest common divisor of 20592 and 3376?
16
What is the highest common factor of 368 and 2162?
46
What is the greatest common divisor of 1480 and 508380?
740
What is the highest common factor of 4922 and 16192?
46
What is the highest common divisor of 34307 and 725?
29
Calculate the highest common factor of 2071 and 73793.
109
What is the highest common factor of 14 and 6272518?
14
Calculate the highest common factor of 274 and 2159531.
137
What is the highest common divisor of 81015 and 130115?
2455
What is the greatest common divisor of 1015261 and 1131?
377
What is the highest common factor of 202 and 6985463?
101
Calculate the greatest common factor of 2929179 and 666.
111
Calculate the highest common factor of 2214 and 3456.
54
Calculate the greatest common factor of 280548 and 612.
36
Calculate the highest common factor of 1843 and 15035.
97
What is the greatest common factor of 4862 and 21046?
34
Calculate the greatest common divisor of 845 and 5730.
5
What is the greatest common factor of 19872 and 3879?
9
What is the highest common factor of 27 and 577827?
27
What is the greatest common factor of 56264 and 2600?
104
Calculate the greatest common factor of 125895 and 23430.
165
Calculate the greatest common factor of 13 and 742261.
13
Calculate the highest common factor of 163611 and 12243.
1113
Calculate the greatest common divisor of 495691 and 133.
133
What is the highest common divisor of 390 and 537?
3
Calculate the highest common factor of 3175328 and 136.
136
What is the greatest common divisor of 366429 and 7?
7
Calculate the greatest common divisor of 2025698 and 498.
166
Calculate the highest common factor of 2658 and 48.
6
What is the highest common divisor of 1449 and 14007?
483
Calculate the greatest common divisor of 641610 and 135.
45
What is the greatest common factor of 600 and 72?
24
What is the greatest common divisor of 42710 and 30?
10
What is the greatest common divisor of 4924639 and 83?
83
What is the highest common divisor of 2885196 and 48?
12
What is the highest common divisor of 88779 and 7575?
303
What is the highest common divisor of 89386 and 44?
22
What is the greatest common divisor of 130 and 16?
2
What is the greatest common divisor of 4228 and 35?
7
What is the greatest common divisor of 1016 and 3302?
254
Calculate the highest common factor of 3278391 and 141.
141
What is the highest common factor of 1005 and 264985?
335
Calculate the greatest common factor of 5074 and 35346.
86
Calculate the greatest common divisor of 43 and 14100302.
43
What is the greatest common divisor of 25 and 2395?
5
What is the highest common divisor of 1352 and 209040?
104
Calculate the greatest common factor of 1118460 and 120.
60
What is the greatest common factor of 1078 and 1862?
98
Calculate the greatest common divisor of 196 and 2228.
4
What is the greatest common divisor of 5484 and 46?
2
What is the greatest common divisor of 14363 and 2597?
53
What is the highest common divisor of 14781 and 5109?
39
What is the highest common factor of 221 and 61373?
13
Calculate the highest common factor of 13858 and 1025.
41
Calculate the greatest common divisor of 15790 and 90.
10
What is the greatest common factor of 221 and 13787?
17
What is the highest common divisor of 122040 and 3729?
339
What is the greatest common factor of 1561033 and 161?
23
Calculate the highest common factor of 28963 and 2130097.
2633
What is the greatest common factor of 2864 and 40991?
179
Calculate the greatest common factor of 2409 and 2774.
73
What is the highest common divisor of 402759 and 81?
27
What is the greatest common divisor of 750 and 13470?
30
What is the greatest common divisor of 120 and 444760?
40
What is the highest common divisor of 48 and 616488?
24
Calculate the greatest common factor of 57 and 6308.
19
Calculate the greatest common divisor of 88159 and 23.
23
Calculate the greatest common divisor of 410 and 1597770.
410
What is the highest common divisor of 174540 and 60?
60
What is the highest common factor of 22 and 69014?
22
What is the greatest common divisor of 40815 and 3645?
45
What is the greatest common factor of 633433 and 43?
43
Calculate the greatest common divisor of 20 and 175070.
10
Calculate the greatest common factor of 505 and 1100.
5
What is the highest common factor of 462274 and 6878?
362
What is the greatest common divisor of 410 and 38704?
82
Calculate the highest common factor of 1322415 and 45.
45
Calculate the highest common divisor of 392 and 2359.
7
Calculate the highest common factor of 108 and 961272.
36
Calculate the highest common factor of 6377345 and 39.
13
Calculate the greatest common divisor of 1380 and 41055.
345
What is the greatest common factor of 312 and 1519752?
312
What is the highest common factor of 110 and 85420?
10
What is the greatest common factor of 598 and 26772?
46
Calculate the greatest common factor of 26 and 28340.
26
What is the highest common factor of 34650 and 836?
22
Calculate the highest common factor of 292 and 3328.
4
What is the greatest common factor of 10 and 144370?
10
Calculate the highest common factor of 